et n(t) = 185*t - 21. Let g be n(4). Suppose 12 = -3*c, g = 5*h - 5*c - 66. List the prime factors of h.
3, 17
Let k = 23 - 6. Suppose -3*d = 3*c + 81, -2*c - 4*d - k = 47. Let s = 45 + c. What are the prime factors of s?
23
Suppose -117*h + 113*h + 2852 = 0. What are the prime factors of h?
23, 31
Let f = -25 + 58. Let u = -17 + f. Suppose y - u = 9. What are the prime factors of y?
5
Let u(v) = -9*v - 71. List the prime factors of u(-22).
127
Let d = 16 + -14. Suppose d*t + 1 = 13. List the prime factors of t/(-9) + 46/6.
7
Let b be 2*1 - (3 + -5). Let f = -65 - -119. Let j = f - b. What are the prime factors of j?
2, 5
Suppose 0*c + 28 = 4*c. Suppose c*a = -0*a + 17570. List the prime factors of a/50 + (-2)/10.
2, 5
Suppose -5*l = -4*l. Let q be -1 + l/(-2) + -3. What are the prime factors of (-2 + 7)/((-1)/q)?
2, 5
Suppose -y - 16 = -3*k + y, k = -5*y - 23. Suppose -8*j + k*j = -12. What are the prime factors of j?
2
Suppose -l = -0*l - 5776. What are the prime factors of 2/(-6) + l/57?
101
Suppose -24*o = -5*o - 23579. List the prime factors of o.
17, 73
Let l(c) = -2*c**2 - 16*c + 16. Let b(d) = -5*d + 3 + 2 - 24*d**2 + 23*d**2. Let f(m) = -16*b(m) + 5*l(m). What are the prime factors of f(2)?
2, 3
Let s = -51 - -37. Let r(g) = g**3 + 14*g**2 - 6*g - 1. What are the prime factors of r(s)?
83
Let d(v) be the first derivative of -v**2/2 + v - 8. Let r(z) = 5*z**3 + 1. Let n be r(-1). List the prime factors of d(n).
5
Let s be 1 + 90/((-3)/(-3)) + 0. Suppose 0 = -i + 5 + s. List the prime factors of i.
2, 3
Let x = -6 - -27. Let m be (-7)/(x/24) + 0. List the prime factors of (10/(-4))/1*m.
2, 5
Suppose 6 = 4*g + 2*r + 18, -3*g = -2*r + 2. Let p(m) = 30*m**2 - 15*m - 26. List the prime factors of p(g).
2, 31
Let f(v) = -v - 2. Let q be f(-1). What are the prime factors of (-5)/(-4)*(3 - q)?
5
Let j = 10 - 8. Let n be (2 - (4 + -2))/j. Suppose 4*y + n*y = -8, -l = y - 47. List the prime factors of l.
7
What are the prime factors of 704*(4 - -6*(-1)/2)?
2, 11
Let v(n) = n**3 + 39*n**2 - 18*n + 103. What are the prime factors of v(-37)?
3, 7, 167
Suppose 3*z = 5*n - 31, -5*n + 3*z - z = -29. Suppose -18*u - n = -19*u. Suppose 6*t + u = 65. List the prime factors of t.
2, 5
Let g(s) = 2*s**2 - 2*s + 54. List the prime factors of g(11).
2, 137
Let h be -692*6/(-12)*2. Suppose 0 = -2*r - 2*r + h. What are the prime factors of r?
173
Let z(s) = 18*s**2. Let n be z(-4). Suppose 33*f - 29*f = n. List the prime factors of f.
2, 3
Let d be (-3)/1 - (-1 - 2). Suppose 0 = -5*h + 5*m + 51 + 14, 2*h + 2*m - 42 = d. List the prime factors of h.
17
Let w = 892 + -585. List the prime factors of w.
307
Let b(f) = 19*f + 37. Let j be b(23). Suppose -2*q - n + j = 0, -3*q + 2*n + 349 = -376. List the prime factors of q.
239
Let p(v) = 788*v**3 + 2*v**2 - 8*v + 5. What are the prime factors of p(1)?
787
Let q(k) = 922*k**2 + k + 2. What are the prime factors of q(-1)?
13, 71
What are the prime factors of 59158/110 - 1/(-5)?
2, 269
Let f(u) be the first derivative of u**4/2 + u**3/3 - 11*u**2/2 + 45*u - 8. List the prime factors of f(5).
5, 53
Let m(q) = 37*q**2 - 6*q + 5. Suppose 9 = -3*k + 15. What are the prime factors of m(k)?
3, 47
Let f(z) be the second derivative of -z**5/20 + 11*z**4/12 - 4*z**3/3 - 11*z**2/2 - 38*z. Suppose 3*m - 4*m = -10. What are the prime factors of f(m)?
3
Let h(l) be the first derivative of -l**4/4 - 13*l**3/3 + 5*l**2 - 20*l + 12. What are the prime factors of h(-14)?
2, 3
Suppose -40*f + 144 = -36*f. Suppose -30*j + f*j - 936 = 0. What are the prime factors of j?
2, 3, 13
Suppose 11*z - 14*z = -1143. List the prime factors of z.
3, 127
Let r(j) = -3*j**2 - 15*j - 4. Let n(i) = 10*i**2 + 45*i + 11. Let q(o) = 2*n(o) + 7*r(o). What are the prime factors of q(-8)?
2, 5
Suppose -n = 3*n + 4*c - 136, 0 = -2*n + 5*c + 75. Let g = 63 + n. List the prime factors of g.
2, 7
Let h(c) = -c**2 + 7*c - 2. Let r be h(7). Let b(j) = 31*j**2 - j + 1. Let q be b(1). List the prime factors of (-5)/10 - q/r.
3, 5
Let r be ((-54)/21)/3*-14. Let d = 13 - r. Let i(w) = 53*w. List the prime factors of i(d).
53
Let z(n) = n**3 + 4*n**2 - 5*n + 2. Let h be z(-5). Suppose 23 = h*k + 9. What are the prime factors of (-54)/(5/(2 - k))?
2, 3
Let f = 7 - 15. Let z be (1/2)/(3/18). What are the prime factors of z - 3 - -3 - f?
11
Let y be 178/(-5)*(-7 + 2). Let q = y - 53. What are the prime factors of q?
5
Suppose -t + 5*p + 153 = 0, 4*t = -0*t - 5*p + 637. List the prime factors of t.
2, 79
Suppose 82 = k + 5*w, 3*k + 3*w + 326 = 8*k. Let n = -25 + k. What are the prime factors of n?
2, 3, 7
Let f be -3 - (-7)/(7/(-6)). Let l = f + 11. Suppose 0 = -l*i + 6 + 50. List the prime factors of i.
2, 7
Suppose -10 - 14 = -2*r. Let d be (0 - 4) + -6 + r. Suppose d*m = 6, -3*h + 6 = 3*m - 4*m. List the prime factors of h.
3
Suppose 0 = 18*x - 43481 - 14695. What are the prime factors of x?
2, 101
Let w = 3 + 0. Suppose w*n - 86 = 4*c, -2*c + 0*c = -2*n + 44. Let h = c - -53. List the prime factors of h.
3, 11
Let j(l) = 503*l + 521. What are the prime factors of j(6)?
3539
Suppose -123*x = -134*x + 14982. List the prime factors of x.
2, 3, 227
Let k(t) = 12*t**2 + t**3 + 5*t - 8 - 5*t**2 + 0*t**3 - 12*t**2. List the prime factors of k(7).
5
Let j(f) = -f**3 - 10*f**2 + 11*f - 4. Let r be j(-11). Let h = r + 6. What are the prime factors of (36/(-15))/(h/(-10))?
2, 3
List the prime factors of -2*(33111/(-26) + 3 + 1).
2539
Let z be 18/(-2) + 20/10. Let n be (z - -4)*7*-1. Suppose 0*q + n = 3*q. List the prime factors of q.
7
Suppose -k - 4*k = -10. What are the prime factors of k/(-5) - (-212)/5?
2, 3, 7
Let l(z) = z**2 - 11*z + 26. Let o be l(4). List the prime factors of (o + (-96)/(-45))*5*39.
2, 13
Let g be 1 + (-20)/5 - (-4 - -1). Suppose -5*r + 800 - 210 = g. List the prime factors of r.
2, 59
Let d(y) = y**3 + 6*y**2 - y - 1. Let g be d(-6). Suppose g*c + 12 = 3*c. List the prime factors of (-174)/c - 6/(-2).
2
Let o = 1446 - 334. List the prime factors of o.
2, 139
Suppose 0 = 2*m - 8, 2*m - 7*m - 653 = -u. What are the prime factors of u?
673
Let a(h) = 72*h + 188. List the prime factors of a(13).
2, 281
Suppose -4*u - 2*k = 2*k - 20, 25 = u + 5*k. Suppose 3*h + 2*g - 334 = 0, 5*g - 107 = -u*h - h. What are the prime factors of h?
2, 7
List the prime factors of (-33649)/(-231) - (-7)/3.
2, 37
Suppose -5*b + 217 + 162 = -3*r, 0 = -2*b - 5*r + 164. List the prime factors of b.
7, 11
Suppose -b - 4*h + 651 = 0, -3*b + 659 = -2*b - 4*h. Suppose 5*u + 30 = b. List the prime factors of u.
5
Let s(r) = r**3 + 4*r**2 + 3*r. Let m be (-3)/5 - 84/35. Let x be s(m). Suppose -3*d - 2*w + 26 = 0, x*d + 2*d = -4*w + 28. List the prime factors of d.
2, 3
Let x = 40 - 123. Let l = -45 - x. What are the prime factors of l?
2, 19
Let f(o) = 16*o**2 + 2*o + 2. Let k(z) = -2*z - 6. Let i be k(-5). Suppose i = -4*x - 0. List the prime factors of f(x).
2
Let t = 52 - 81. Let i = t - -26. List the prime factors of (i/12)/((-3)/108).
3
Let o(t) = -217*t + 167. List the prime factors of o(-23).
2, 2579
Suppose 24 = a - 4*b, -a - 2*b + 0*b - 6 = 0. Suppose a*f - 390 = 134. List the prime factors of f.
131
Let b = 32 + -12. What are the prime factors of (b - -69)/(1*(0 - -1))?
89
Suppose w = 4*i + 69, -w - 71 = 5*i - 176. List the prime factors of w.
5, 17
Let o(s) be the second derivative of -1/6*s**4 - 3/2*s**2 + 0 + 13/6*s**3 + 3*s. List the prime factors of o(6).
3
Suppose -p + 2016 = 8*p. What are the prime factors of p?
2, 7
List the prime factors of 432*24/14 - 4/7.
2, 5, 37
Let v(u) = 2*u**2 - 2*u - 7. Let g be v(7). Suppose -385 = -3*k - 5*h, -5*k + 0*k - 3*h = -647. Let w = k - g. What are the prime factors of w?
53
Let c(k) = 13*k**2 - 10*k - 25. Let r(b) = 14*b**2 - 11*b - 25. Let f(w) = 6*c(w) - 5*r(w). List the prime factors of f(-5).
2, 5
Suppose 4431 = -4*m + 11*m. Let d be -2*(-1 - m/6). Suppose 6 = -3*t + d. What are the prime factors of t?
3, 23
Let z = -30 + 30. Suppose -3*c = -q - 11, z*c + 4*q - 8 = -c. Suppose c*p = -0*p + 4*v + 180, 3*v + 88 = 2*p. What are the prime factors of p?
47
Suppose -3*h + 4 = m - 2, 3*h = m + 12. Let z be 0/m + (-3 - -3). Suppose 4*n - 3*s - 180 = z, -90 = -3*n + n + 2*s. List the prime factors of n.
3, 5
Let z = -154 + 268. List 